{"id":1907,"date":"2025-03-05T09:39:42","date_gmt":"2025-03-05T09:39:42","guid":{"rendered":"https:\/\/agrinatura.ba\/?page_id=1907"},"modified":"2025-03-05T10:54:40","modified_gmt":"2025-03-05T10:54:40","slug":"privatne-marke","status":"publish","type":"page","link":"https:\/\/agrinatura.ba\/bih\/privatne-marke\/","title":{"rendered":"Privatne marke"},"content":{"rendered":"<div data-elementor-type=\"wp-page\" data-elementor-id=\"1907\" class=\"elementor elementor-1907\" data-elementor-post-type=\"page\">\n\t\t\t\t<div class=\"elementor-element elementor-element-36e49ee e-con-full e-flex e-con e-parent\" data-id=\"36e49ee\" data-element_type=\"container\" data-settings=\"{&quot;background_background&quot;:&quot;classic&quot;}\">\n\t\t\t\t<div class=\"elementor-element elementor-element-0750fd9 elementor-widget elementor-widget-heading\" data-id=\"0750fd9\" data-element_type=\"widget\" data-widget_type=\"heading.default\">\n\t\t\t\t<div class=\"elementor-widget-container\">\n\t\t\t\t\t<h2 class=\"elementor-heading-title elementor-size-default\">Na\u0161e<\/h2>\t\t\t\t<\/div>\n\t\t\t\t<\/div>\n\t\t\t\t<div class=\"elementor-element elementor-element-7bf1ba9 elementor-widget elementor-widget-heading\" data-id=\"7bf1ba9\" data-element_type=\"widget\" data-widget_type=\"heading.default\">\n\t\t\t\t<div class=\"elementor-widget-container\">\n\t\t\t\t\t<h2 class=\"elementor-heading-title elementor-size-default\">Privatne marke<\/h2>\t\t\t\t<\/div>\n\t\t\t\t<\/div>\n\t\t\t\t<div class=\"elementor-element elementor-element-94d5a9d elementor-widget-divider--separator-type-pattern elementor-widget-divider--view-line elementor-widget elementor-widget-divider\" data-id=\"94d5a9d\" data-element_type=\"widget\" data-widget_type=\"divider.default\">\n\t\t\t\t<div class=\"elementor-widget-container\">\n\t\t\t\t\t\t\t<div class=\"elementor-divider\" style=\"--divider-pattern-url: url(&quot;data:image\/svg+xml,%3Csvg xmlns=&#039;http:\/\/www.w3.org\/2000\/svg&#039; preserveAspectRatio=&#039;none&#039; overflow=&#039;visible&#039; height=&#039;100%&#039; viewBox=&#039;0 0 24 24&#039; fill=&#039;none&#039; stroke=&#039;black&#039; stroke-width=&#039;2&#039; stroke-linecap=&#039;square&#039; stroke-miterlimit=&#039;10&#039;%3E%3Cpath d=&#039;M0,6c6,0,6,13,12,13S18,6,24,6&#039;\/%3E%3C\/svg%3E&quot;);\">\n\t\t\t<span class=\"elementor-divider-separator\">\n\t\t\t\t\t\t<\/span>\n\t\t<\/div>\n\t\t\t\t\t\t<\/div>\n\t\t\t\t<\/div>\n\t\t\t\t<\/div>\n\t\t<div class=\"elementor-element elementor-element-668f968 e-con-full e-flex e-con e-parent\" data-id=\"668f968\" data-element_type=\"container\">\n\t\t<div class=\"elementor-element elementor-element-1b93579 e-con-full e-flex e-con e-child\" data-id=\"1b93579\" data-element_type=\"container\">\n\t\t<div class=\"elementor-element elementor-element-a5f977b e-con-full e-flex e-con e-child\" data-id=\"a5f977b\" data-element_type=\"container\">\n\t\t\t\t<div class=\"elementor-element elementor-element-c47d82f elementor-widget elementor-widget-text-editor\" data-id=\"c47d82f\" data-element_type=\"widget\" data-widget_type=\"text-editor.default\">\n\t\t\t\t<div class=\"elementor-widget-container\">\n\t\t\t\t\t\t\t\t\t<p data-start=\"0\" data-end=\"261\">Svaka proizvodnja privatne robne marke hrane za ku\u0107ne ljubimce za nas predstavlja partnerstvo, a svako partnerstvo po\u010dinje idejom. Zajedno s na\u0161im multidisciplinarnim timom, predani smo tome da va\u0161a ideja postane kvalitetan proizvod predodre\u0111en za pravi uspjeh.<\/p><p data-start=\"263\" data-end=\"377\">Idemo korak dalje i proizvodimo hranu za ku\u0107ne ljubimce po mjeri, uspostavljaju\u0107i sna\u017ena i dugotrajna partnerstva.<\/p><p data-start=\"379\" data-end=\"657\" data-is-last-node=\"\" data-is-only-node=\"\">Na\u0161e godine iskustva omogu\u0107uju nam da dijelimo tr\u017ei\u0161na znanja, predla\u017eemo inovacije proizvoda te dajemo savjete o pozicioniranju proizvoda i komercijalnom pristupu. Kao stru\u010dnjaci za prodajne kanale, vodimo i savjetujemo na\u0161e klijente od same ideje pa sve do kona\u010dnog proizvoda.<\/p>\t\t\t\t\t\t\t\t<\/div>\n\t\t\t\t<\/div>\n\t\t\t\t<\/div>\n\t\t<div class=\"elementor-element elementor-element-b5272da e-con-full e-flex e-con e-child\" data-id=\"b5272da\" data-element_type=\"container\">\n\t\t\t\t<div class=\"elementor-element elementor-element-07bc50e elementor-widget elementor-widget-image\" data-id=\"07bc50e\" data-element_type=\"widget\" data-widget_type=\"image.default\">\n\t\t\t\t<div class=\"elementor-widget-container\">\n\t\t\t\t\t\t\t\t\t\t\t\t\t\t\t<img fetchpriority=\"high\" decoding=\"async\" width=\"495\" height=\"440\" src=\"https:\/\/agrinatura.ba\/wp-content\/uploads\/2025\/03\/Asset-3.png\" class=\"attachment-full size-full wp-image-1923\" alt=\"\" srcset=\"https:\/\/agrinatura.ba\/wp-content\/uploads\/2025\/03\/Asset-3.png 495w, https:\/\/agrinatura.ba\/wp-content\/uploads\/2025\/03\/Asset-3-300x267.png 300w, https:\/\/agrinatura.ba\/wp-content\/uploads\/2025\/03\/Asset-3-14x12.png 14w\" sizes=\"(max-width: 495px) 100vw, 495px\" \/>\t\t\t\t\t\t\t\t\t\t\t\t\t\t\t<\/div>\n\t\t\t\t<\/div>\n\t\t\t\t<\/div>\n\t\t\t\t<\/div>\n\t\t\t\t<\/div>\n\t\t<div class=\"elementor-element elementor-element-c5e26be e-con-full e-flex e-con e-parent\" data-id=\"c5e26be\" data-element_type=\"container\">\n\t\t<div class=\"elementor-element elementor-element-9dfe7ed e-con-full e-flex e-con e-child\" data-id=\"9dfe7ed\" data-element_type=\"container\">\n\t\t\t\t<div class=\"elementor-element elementor-element-11a4fe9 elementor-widget__width-inherit elementor-widget elementor-widget-image\" data-id=\"11a4fe9\" data-element_type=\"widget\" data-widget_type=\"image.default\">\n\t\t\t\t<div class=\"elementor-widget-container\">\n\t\t\t\t\t\t\t\t\t\t\t\t\t\t\t<img decoding=\"async\" width=\"465\" height=\"305\" src=\"https:\/\/agrinatura.ba\/wp-content\/uploads\/2025\/03\/Agrinatura-1.png\" class=\"attachment-full size-full wp-image-1913\" alt=\"\" srcset=\"https:\/\/agrinatura.ba\/wp-content\/uploads\/2025\/03\/Agrinatura-1.png 465w, https:\/\/agrinatura.ba\/wp-content\/uploads\/2025\/03\/Agrinatura-1-300x197.png 300w, https:\/\/agrinatura.ba\/wp-content\/uploads\/2025\/03\/Agrinatura-1-18x12.png 18w\" sizes=\"(max-width: 465px) 100vw, 465px\" \/>\t\t\t\t\t\t\t\t\t\t\t\t\t\t\t<\/div>\n\t\t\t\t<\/div>\n\t\t\t\t<div class=\"elementor-element elementor-element-a78d685 elementor-widget__width-inherit elementor-widget elementor-widget-image\" data-id=\"a78d685\" data-element_type=\"widget\" data-widget_type=\"image.default\">\n\t\t\t\t<div class=\"elementor-widget-container\">\n\t\t\t\t\t\t\t\t\t\t\t\t\t\t\t<img decoding=\"async\" width=\"461\" height=\"308\" src=\"https:\/\/agrinatura.ba\/wp-content\/uploads\/2025\/03\/Agrinatura-2.png\" class=\"attachment-full size-full wp-image-1914\" alt=\"\" srcset=\"https:\/\/agrinatura.ba\/wp-content\/uploads\/2025\/03\/Agrinatura-2.png 461w, https:\/\/agrinatura.ba\/wp-content\/uploads\/2025\/03\/Agrinatura-2-300x200.png 300w, https:\/\/agrinatura.ba\/wp-content\/uploads\/2025\/03\/Agrinatura-2-18x12.png 18w\" sizes=\"(max-width: 461px) 100vw, 461px\" \/>\t\t\t\t\t\t\t\t\t\t\t\t\t\t\t<\/div>\n\t\t\t\t<\/div>\n\t\t\t\t<\/div>\n\t\t<div class=\"elementor-element elementor-element-2c04373 e-con-full e-flex e-con e-child\" data-id=\"2c04373\" data-element_type=\"container\">\n\t\t\t\t<div class=\"elementor-element elementor-element-58b1e3a elementor-widget elementor-widget-text-editor\" data-id=\"58b1e3a\" data-element_type=\"widget\" data-widget_type=\"text-editor.default\">\n\t\t\t\t<div class=\"elementor-widget-container\">\n\t\t\t\t\t\t\t\t\t<p data-start=\"0\" data-end=\"372\">Glavni cilj profesionalne prehrane za ku\u0107ne ljubimce je osigurati ukusnu hranu za ma\u010dke i pse koja sadr\u017ei sve potrebne hranjive tvari u pravoj koli\u010dini, prilago\u0111enu razli\u010ditim \u017eivotnim fazama i fiziolo\u0161kim potrebama. Iz tog razloga, uspje\u0161na formulacija hrane za ku\u0107ne ljubimce, razvoj i proizvodnja zahtijevaju tim visoko obu\u010denih stru\u010dnjaka za prehranu ku\u0107nih ljubimaca.<\/p><p data-start=\"0\" data-end=\"372\">\u00a0<\/p><p data-start=\"0\" data-end=\"372\">Konstantno ula\u017eemo u budu\u0107nost i te\u017eimo kontinuiranoj optimizaciji na\u0161eg proizvodnog pogona. Na\u0161a potpuna automatizacija omogu\u0107uje proizvodnju \u0161irokog asortimana proizvoda u razli\u010ditim vrstama pakiranja. Na\u0161a potpuna digitalizacija osigurava precizno pra\u0107enje procesa, visoku produktivnost i u\u010dinkovitost uz pra\u0107enje od prijema sirovina do gotovog proizvoda.<\/p><p data-start=\"0\" data-end=\"372\">\u00a0<\/p><p data-start=\"734\" data-end=\"875\" data-is-last-node=\"\" data-is-only-node=\"\">Primjenjujemo najnoviju tehnologiju na moderan i fleksibilan na\u010din kroz proizvodni sistem koji zadovoljava najvi\u0161e HACCP standarde kvalitete.<\/p>\t\t\t\t\t\t\t\t<\/div>\n\t\t\t\t<\/div>\n\t\t\t\t<\/div>\n\t\t\t\t<\/div>\n\t\t\t\t<\/div>","protected":false},"excerpt":{"rendered":"<p>Na\u0161e Privatne marke Svaka proizvodnja privatne robne marke hrane za ku\u0107ne ljubimce za nas predstavlja partnerstvo, a svako partnerstvo po\u010dinje idejom. Zajedno s na\u0161im multidisciplinarnim timom, predani smo tome da va\u0161a ideja postane kvalitetan proizvod predodre\u0111en za pravi uspjeh. Idemo korak dalje i proizvodimo hranu za ku\u0107ne ljubimce po mjeri, uspostavljaju\u0107i sna\u017ena i dugotrajna partnerstva. [&hellip;]<\/p>","protected":false},"author":2,"featured_media":21,"parent":0,"menu_order":0,"comment_status":"closed","ping_status":"closed","template":"elementor_header_footer","meta":{"_acf_changed":false,"footnotes":""},"class_list":["post-1907","page","type-page","status-publish","has-post-thumbnail","hentry"],"acf":[],"_links":{"self":[{"href":"https:\/\/agrinatura.ba\/bih\/wp-json\/wp\/v2\/pages\/1907","targetHints":{"allow":["GET"]}}],"collection":[{"href":"https:\/\/agrinatura.ba\/bih\/wp-json\/wp\/v2\/pages"}],"about":[{"href":"https:\/\/agrinatura.ba\/bih\/wp-json\/wp\/v2\/types\/page"}],"author":[{"embeddable":true,"href":"https:\/\/agrinatura.ba\/bih\/wp-json\/wp\/v2\/users\/2"}],"replies":[{"embeddable":true,"href":"https:\/\/agrinatura.ba\/bih\/wp-json\/wp\/v2\/comments?post=1907"}],"version-history":[{"count":0,"href":"https:\/\/agrinatura.ba\/bih\/wp-json\/wp\/v2\/pages\/1907\/revisions"}],"wp:featuredmedia":[{"embeddable":true,"href":"https:\/\/agrinatura.ba\/bih\/wp-json\/wp\/v2\/media\/21"}],"wp:attachment":[{"href":"https:\/\/agrinatura.ba\/bih\/wp-json\/wp\/v2\/media?parent=1907"}],"curies":[{"name":"wp","href":"https:\/\/api.w.org\/{rel}","templated":true}]}}